ctor of 143 and 26.
13
What is the highest common divisor of 6068 and 82?
82
Calculate the greatest common factor of 655 and 4847.
131
Calculate the greatest common divisor of 1573 and 1716.
143
What is the highest common divisor of 8 and 296?
8
What is the greatest common divisor of 235 and 94?
47
What is the greatest common factor of 18 and 234?
18
What is the greatest common divisor of 180 and 420?
60
What is the highest common divisor of 39134 and 17?
17
What is the greatest common divisor of 402 and 6?
6
Calculate the highest common factor of 28 and 1260.
28
Calculate the highest common factor of 1428 and 252.
84
Calculate the greatest common factor of 20 and 8400.
20
What is the greatest common factor of 1143 and 3175?
127
Calculate the highest common divisor of 135740 and 44.
44
Calculate the greatest common factor of 96 and 22944.
96
What is the highest common divisor of 1974 and 56?
14
Calculate the greatest common divisor of 109 and 1090.
109
Calculate the highest common factor of 675 and 27.
27
What is the greatest common factor of 63 and 168?
21
What is the highest common divisor of 45489 and 177?
177
What is the greatest common factor of 418 and 22?
22
Calculate the greatest common divisor of 87 and 57.
3
Calculate the greatest common divisor of 134 and 10653.
67
Calculate the greatest common divisor of 2059 and 29.
29
Calculate the greatest common factor of 6252 and 3.
3
What is the greatest common divisor of 425 and 25?
25
What is the highest common factor of 253 and 23?
23
Calculate the highest common divisor of 23464 and 112.
56
What is the highest common divisor of 290 and 232?
58
What is the greatest common divisor of 66 and 1298?
22
Calculate the highest common factor of 5992 and 1819.
107
Calculate the highest common factor of 1648 and 309.
103
Calculate the greatest common divisor of 240 and 1470.
30
Calculate the highest common factor of 7319 and 26.
13
Calculate the greatest common divisor of 360 and 3530.
10
Calculate the highest common divisor of 207 and 1058.
23
Calculate the greatest common divisor of 74 and 296.
74
Calculate the greatest common factor of 330 and 1408.
22
What is the greatest common factor of 32 and 3?
1
Calculate the highest common factor of 44 and 506.
22
Calculate the greatest common divisor of 1188 and 3102.
66
Calculate the greatest common factor of 570 and 270.
30
Calculate the highest common divisor of 19613 and 11.
11
What is the greatest common divisor of 5700 and 1050?
150
What is the highest common factor of 13 and 1573?
13
Calculate the greatest common factor of 1989 and 13.
13
Calculate the highest common factor of 264 and 48.
24
What is the greatest common factor of 79 and 7821?
79
What is the highest common divisor of 850 and 250?
50
What is the highest common factor of 68 and 510?
34
What is the highest common factor of 75 and 9600?
75
Calculate the greatest common factor of 3 and 33.
3
What is the highest common factor of 16515 and 734?
367
Calculate the highest common factor of 124 and 4.
4
Calculate the greatest common divisor of 2 and 118.
2
What is the greatest common factor of 9117 and 18?
9
What is the highest common divisor of 142 and 86?
2
Calculate the greatest common factor of 16 and 4096.
16
Calculate the greatest common factor of 40211 and 79.
79
Calculate the greatest common divisor of 72 and 104.
8
What is the greatest common factor of 65 and 572?
13
What is the highest common divisor of 22127 and 203?
203
Calculate the greatest common divisor of 928 and 580.
116
What is the greatest common divisor of 116 and 58?
58
Calculate the greatest common factor of 6 and 150.
6
Calculate the highest common factor of 42 and 812.
14
What is the highest common factor of 243 and 54?
27
Calculate the greatest common divisor of 105 and 1281.
21
Calculate the greatest common factor of 294 and 2499.
147
Calculate the highest common divisor of 234 and 77454.
234
What is the highest common factor of 322 and 9821?
161
What is the greatest common divisor of 40 and 340?
20
What is the greatest common divisor of 27 and 2?
1
Calculate the highest common factor of 6290 and 5.
5
What is the greatest common factor of 713 and 1219?
23
What is the highest common factor of 250 and 375?
125
What is the greatest common factor of 10 and 115?
5
What is the greatest common divisor of 39 and 572?
13
Calculate the highest common divisor of 33 and 33.
33
Calculate the highest common factor of 637 and 286.
13
Calculate the greatest common factor of 27 and 864.
27
What is the greatest common factor of 35 and 140?
35
Calculate the highest common factor of 26 and 9386.
26
What is the greatest common divisor of 122 and 1281?
61
What is the highest common factor of 248 and 31?
31
Calculate the highest common factor of 252 and 1422.
18
What is the highest common factor of 395 and 1027?
79
Calculate the greatest common divisor of 22 and 8.
2
Calculate the highest common divisor of 742 and 14.
14
What is the highest common divisor of 64 and 4?
4
What is the highest common divisor of 47257 and 157?
157
What is the highest common factor of 6 and 291?
3
What is the greatest common factor of 8 and 88?
8
What is the greatest common divisor of 351 and 1586?
13
Calculate the greatest common factor of 473 and 172.
43
What is the greatest common factor of 288 and 1312?
32
Calculate the greatest common factor of 371 and 21.
7
What is the highest common factor of 34 and 153?
17
Calculate the greatest common divisor of 6160 and 42.
14
Calculate the greatest common divisor of 12 and 768.
12
What is the highest common divisor of 22 and 142?
2
What is the highest common factor of 90 and 27?
9
Calculate the greatest common factor of 451 and 44.
11
Calculate the highest common divisor of 345 and 2145.
15
Calculate the greatest common factor of 14 and 2422.
14
Calculate the greatest common divisor of 3 and 432.
3
What is the highest common divisor of 174 and 1363?
29
What is the highest common factor of 10 and 40?
10
Calculate the highest common divisor of 583 and 143.
11
What is the greatest common factor of 14 and 224?
14
Calculate the highest common divisor of 222 and 74.
74
What is the greatest common divisor of 176 and 66?
22
What is the highest common factor of 355 and 5?
5
What is the highest common divisor of 16 and 788?
4
Calculate the greatest common factor of 15 and 310.
5
What is the highest common divisor of 124 and 713?
31
What is the highest common factor of 735 and 15?
15
Calculate the highest common factor of 847 and 77.
77
What is the greatest common factor of 7205 and 55?
55
What is the highest common divisor of 100 and 6950?
50
What is the greatest common divisor of 208 and 12?
4
What is the highest common factor of 73109 and 29?
29
What is the highest common divisor of 26 and 110734?
26
What is the greatest common divisor of 14 and 406?
14
What is the greatest common divisor of 3854 and 141?
47
Calculate the greatest common factor of 40832 and 44.
44
What is the greatest common factor of 90 and 963?
9
Calculate the greatest common divisor of 483 and 21.
21
Calculate the highest common factor of 26 and 5629.
13
What is the highest common divisor of 46 and 1426?
46
What is the highest common divisor of 420 and 120?
60
Calculate the highest common factor of 66 and 352.
22
Calculate the highest common divisor of 90 and 650.
10
What is the greatest common divisor of 875 and 1325?
25
Calculate the greatest common divisor of 1052 and 4.
4
Calculate the highest common divisor of 6 and 30.
6
What is the greatest common factor of 54 and 234?
18
What is the highest common factor of 16469 and 1915?
383
What is the greatest common factor of 1666 and 490?
98
What is the greatest common divisor of 532 and 684?
76
Calculate the highest common factor of 187 and 11.
11
Calculate the highest common divisor of 1760 and 128.
32
What is the greatest common divisor of 640 and 3280?
80
What is the greatest common divisor of 923 and 429?
13
Calculate the greatest common factor of 24 and 132.
12
What is the greatest common divisor of 56 and 28?
28
Calculate the highest common factor of 2009 and 41.
41
Calculate the greatest common divisor of 21 and 21.
21
Calculate the highest common factor of 11 and 4.
1
Calculate the greatest commo